{"id":29567,"date":"2026-02-10T14:35:56","date_gmt":"2026-02-10T14:35:56","guid":{"rendered":"https:\/\/dyspoo.store\/?post_type=product&#038;p=29567"},"modified":"2026-02-12T09:19:21","modified_gmt":"2026-02-12T09:19:21","slug":"bandes-de-blanchiment-dentaire","status":"publish","type":"product","link":"https:\/\/dyspoo.store\/?product=bandes-de-blanchiment-dentaire","title":{"rendered":"Bandes de blanchiment dentaire"},"content":{"rendered":"\t\t<div data-elementor-type=\"wp-post\" data-elementor-id=\"29567\" class=\"elementor elementor-29567\">\n\t\t\t\t<div class=\"wd-negative-gap elementor-element elementor-element-7ba917d e-flex e-con-boxed e-con e-parent\" data-id=\"7ba917d\" data-element_type=\"container\" data-e-type=\"container\">\n\t\t\t\t\t<div class=\"e-con-inner\">\n\t\t<div class=\"elementor-element elementor-element-836b10c e-con-full e-flex e-con e-child\" data-id=\"836b10c\" data-element_type=\"container\" data-e-type=\"container\">\n\t\t\t\t<div class=\"elementor-element elementor-element-92c0d6d elementor-widget elementor-widget-wd_text_block\" data-id=\"92c0d6d\" data-element_type=\"widget\" data-e-type=\"widget\" data-widget_type=\"wd_text_block.default\">\n\t\t\t\t<div class=\"elementor-widget-container\">\n\t\t\t\t\t\t\t<div class=\"wd-text-block reset-last-child text-center\">\n\t\t\t\n\t\t\t<h4><strong>\u00c0 propos de cet article<\/strong><\/h4><p><img loading=\"lazy\" decoding=\"async\" class=\"aligncenter\" src=\"https:\/\/dyspoo.store\/wp-content\/uploads\/2026\/02\/paptrip.jpg\" alt=\"\" width=\"600\" height=\"600\" \/><\/p><p><strong>\u00c9tape 1<\/strong><\/p><p><img loading=\"lazy\" decoding=\"async\" class=\"aligncenter wp-image-29570 size-full\" src=\"https:\/\/dyspoo.store\/wp-content\/uploads\/2026\/02\/ojpaptrips.jpg\" alt=\"\" width=\"600\" height=\"600\" srcset=\"https:\/\/dyspoo.store\/wp-content\/uploads\/2026\/02\/ojpaptrips.jpg 600w, https:\/\/dyspoo.store\/wp-content\/uploads\/2026\/02\/ojpaptrips-300x300.jpg 300w, https:\/\/dyspoo.store\/wp-content\/uploads\/2026\/02\/ojpaptrips-150x150.jpg 150w, https:\/\/dyspoo.store\/wp-content\/uploads\/2026\/02\/ojpaptrips-430x430.jpg 430w\" sizes=\"auto, (max-width: 600px) 100vw, 600px\" \/><\/p><p><strong>\u00c9tape 2<\/strong><\/p><p><img loading=\"lazy\" decoding=\"async\" class=\"aligncenter wp-image-29569 size-large\" src=\"https:\/\/dyspoo.store\/wp-content\/uploads\/2026\/02\/papsmile-800x800.jpg\" alt=\"\" width=\"800\" height=\"800\" srcset=\"https:\/\/dyspoo.store\/wp-content\/uploads\/2026\/02\/papsmile-800x800.jpg 800w, https:\/\/dyspoo.store\/wp-content\/uploads\/2026\/02\/papsmile-300x300.jpg 300w, https:\/\/dyspoo.store\/wp-content\/uploads\/2026\/02\/papsmile-150x150.jpg 150w, https:\/\/dyspoo.store\/wp-content\/uploads\/2026\/02\/papsmile-768x768.jpg 768w, https:\/\/dyspoo.store\/wp-content\/uploads\/2026\/02\/papsmile-430x430.jpg 430w, https:\/\/dyspoo.store\/wp-content\/uploads\/2026\/02\/papsmile-700x700.jpg 700w, https:\/\/dyspoo.store\/wp-content\/uploads\/2026\/02\/papsmile.jpg 1080w\" sizes=\"auto, (max-width: 800px) 100vw, 800px\" \/><\/p><p><strong>\u00c9tape 3<\/strong><\/p>\n\t\t\t\t\t<\/div>\n\t\t\t\t\t\t<\/div>\n\t\t\t\t<\/div>\n\t\t\t\t<\/div>\n\t\t<div class=\"elementor-element elementor-element-e91f64e e-con-full e-flex e-con e-child\" data-id=\"e91f64e\" data-element_type=\"container\" data-e-type=\"container\">\n\t\t\t\t<div class=\"elementor-element elementor-element-10196b0 elementor-widget elementor-widget-wd_text_block\" data-id=\"10196b0\" data-element_type=\"widget\" data-e-type=\"widget\" data-widget_type=\"wd_text_block.default\">\n\t\t\t\t<div class=\"elementor-widget-container\">\n\t\t\t\t\t\t\t<div class=\"wd-text-block reset-last-child text-center\">\n\t\t\t\n\t\t\t<h4><strong>Facile \u00e0 utiliser<\/strong><\/h4><p><img loading=\"lazy\" decoding=\"async\" class=\"aligncenter wp-image-29575 size-large\" src=\"https:\/\/dyspoo.store\/wp-content\/uploads\/2026\/02\/paphand-1-800x800.jpg\" alt=\"\" width=\"800\" height=\"800\" srcset=\"https:\/\/dyspoo.store\/wp-content\/uploads\/2026\/02\/paphand-1-800x800.jpg 800w, https:\/\/dyspoo.store\/wp-content\/uploads\/2026\/02\/paphand-1-300x300.jpg 300w, https:\/\/dyspoo.store\/wp-content\/uploads\/2026\/02\/paphand-1-150x150.jpg 150w, https:\/\/dyspoo.store\/wp-content\/uploads\/2026\/02\/paphand-1-768x768.jpg 768w, https:\/\/dyspoo.store\/wp-content\/uploads\/2026\/02\/paphand-1-430x430.jpg 430w, https:\/\/dyspoo.store\/wp-content\/uploads\/2026\/02\/paphand-1-700x700.jpg 700w, https:\/\/dyspoo.store\/wp-content\/uploads\/2026\/02\/paphand-1.jpg 1070w\" sizes=\"auto, (max-width: 800px) 100vw, 800px\" \/><\/p><p>Tout d'abord, s\u00e9chez soigneusement vos dents avant l'application. Ensuite, retirez la longue bande et collez-la sur vos dents sup\u00e9rieures, en appuyant doucement et en repliant pour un ajustement s\u00e9curis\u00e9.<\/p><p>Puis, r\u00e9p\u00e9tez le processus avec la bande courte sur vos dents inf\u00e9rieures. Laissez agir la formule de blanchiment pendant 30 minutes.<\/p><p>Ensuite, retirez les bandes et rincez votre bouche avec de l'eau. De plus, une utilisation r\u00e9guli\u00e8re aide \u00e0 maintenir une blancheur durable et la confiance en soi.<\/p>\n\t\t\t\t\t<\/div>\n\t\t\t\t\t\t<\/div>\n\t\t\t\t<\/div>\n\t\t\t\t<div class=\"elementor-element elementor-element-ea943e2 elementor-widget elementor-widget-wd_text_block\" data-id=\"ea943e2\" data-element_type=\"widget\" data-e-type=\"widget\" data-widget_type=\"wd_text_block.default\">\n\t\t\t\t<div class=\"elementor-widget-container\">\n\t\t\t\t\t\t\t<div class=\"wd-text-block reset-last-child text-left\">\n\t\t\t\n\t\t\t<p><img loading=\"lazy\" decoding=\"async\" class=\"aligncenter wp-image-29583 size-full\" src=\"https:\/\/dyspoo.store\/wp-content\/uploads\/2026\/02\/papbf9.jpg\" alt=\"\" width=\"750\" height=\"750\" srcset=\"https:\/\/dyspoo.store\/wp-content\/uploads\/2026\/02\/papbf9.jpg 750w, https:\/\/dyspoo.store\/wp-content\/uploads\/2026\/02\/papbf9-300x300.jpg 300w, https:\/\/dyspoo.store\/wp-content\/uploads\/2026\/02\/papbf9-150x150.jpg 150w, https:\/\/dyspoo.store\/wp-content\/uploads\/2026\/02\/papbf9-430x430.jpg 430w, https:\/\/dyspoo.store\/wp-content\/uploads\/2026\/02\/papbf9-700x700.jpg 700w\" sizes=\"auto, (max-width: 750px) 100vw, 750px\" \/><\/p>\n\t\t\t\t\t<\/div>\n\t\t\t\t\t\t<\/div>\n\t\t\t\t<\/div>\n\t\t\t\t<\/div>\n\t\t<div class=\"elementor-element elementor-element-3a86271 e-con-full e-flex e-con e-child\" data-id=\"3a86271\" data-element_type=\"container\" data-e-type=\"container\">\n\t\t\t\t<div class=\"elementor-element elementor-element-1cb5edc elementor-widget elementor-widget-wd_text_block\" data-id=\"1cb5edc\" data-element_type=\"widget\" data-e-type=\"widget\" data-widget_type=\"wd_text_block.default\">\n\t\t\t\t<div class=\"elementor-widget-container\">\n\t\t\t\t\t\t\t<div class=\"wd-text-block reset-last-child text-center\">\n\t\t\t\n\t\t\t<h4><strong>D\u00e9tails<\/strong><\/h4><h4><img loading=\"lazy\" decoding=\"async\" class=\"aligncenter wp-image-29588 size-medium\" src=\"https:\/\/dyspoo.store\/wp-content\/uploads\/2026\/02\/pap42-300x300.jpg\" alt=\"\" width=\"300\" height=\"300\" srcset=\"https:\/\/dyspoo.store\/wp-content\/uploads\/2026\/02\/pap42-300x300.jpg 300w, https:\/\/dyspoo.store\/wp-content\/uploads\/2026\/02\/pap42-800x800.jpg 800w, https:\/\/dyspoo.store\/wp-content\/uploads\/2026\/02\/pap42-150x150.jpg 150w, https:\/\/dyspoo.store\/wp-content\/uploads\/2026\/02\/pap42-768x768.jpg 768w, https:\/\/dyspoo.store\/wp-content\/uploads\/2026\/02\/pap42-430x430.jpg 430w, https:\/\/dyspoo.store\/wp-content\/uploads\/2026\/02\/pap42-700x700.jpg 700w, https:\/\/dyspoo.store\/wp-content\/uploads\/2026\/02\/pap42.jpg 1000w\" sizes=\"auto, (max-width: 300px) 100vw, 300px\" \/><\/h4><p>Un ingr\u00e9dient de blanchiment des dents scientifiquement prouv\u00e9, sans peroxyde.\u00a0<\/p><p>La bandes blanchissantes \u00e9limine efficacement les taches sur les dents sans provoquer de douleur ni de sensibilit\u00e9, garantissant une exp\u00e9rience de blanchiment s\u00fbre et confortable.<\/p><p>Dites adieu aux sous-teintes jaunes<\/p><p>\u00a0<\/p><p>Exploitez la puissance d'une formule s\u00fbre, sans peroxyde, qui oxyde efficacement les taches\u2014sans sensibilit\u00e9, sans inconfort.<\/p><p><img loading=\"lazy\" decoding=\"async\" class=\"aligncenter wp-image-29584 size-full\" src=\"https:\/\/dyspoo.store\/wp-content\/uploads\/2026\/02\/papuil_03.jpg\" alt=\"\" width=\"485\" height=\"585\" srcset=\"https:\/\/dyspoo.store\/wp-content\/uploads\/2026\/02\/papuil_03.jpg 485w, https:\/\/dyspoo.store\/wp-content\/uploads\/2026\/02\/papuil_03-249x300.jpg 249w, https:\/\/dyspoo.store\/wp-content\/uploads\/2026\/02\/papuil_03-430x519.jpg 430w, https:\/\/dyspoo.store\/wp-content\/uploads\/2026\/02\/papuil_03-150x181.jpg 150w\" sizes=\"auto, (max-width: 485px) 100vw, 485px\" \/><\/p>\n\t\t\t\t\t<\/div>\n\t\t\t\t\t\t<\/div>\n\t\t\t\t<\/div>\n\t\t\t\t<\/div>\n\t\t\t\t\t<\/div>\n\t\t\t\t<\/div>\n\t\t\t\t<\/div>\n\t\t","protected":false},"excerpt":{"rendered":"<p>Ces bandes innovantes sont con\u00e7ues pour votre confort et offrent un blanchiment qui adh\u00e8re parfaitement \u00e0 vos dents. Vous pouvez ainsi profiter d&rsquo;un blanchiment de qualit\u00e9 professionnelle sans avoir \u00e0 vous rendre chez le dentiste.<\/p>\n","protected":false},"featured_media":29573,"comment_status":"open","ping_status":"closed","template":"","meta":[],"product_brand":[126],"product_cat":[74],"product_tag":[],"class_list":{"0":"post-29567","1":"product","2":"type-product","3":"status-publish","4":"has-post-thumbnail","6":"product_brand-dyspoo","7":"product_cat-accessoires","9":"first","10":"instock","11":"sale","12":"shipping-taxable","13":"purchasable","14":"product-type-simple"},"yoast_head":"<!-- This site is optimized with the Yoast SEO plugin v27.3 - https:\/\/yoast.com\/product\/yoast-seo-wordpress\/ -->\n<title>Bandes de blanchiment dentaire - DYSPOO<\/title>\n<meta name=\"description\" content=\"Blanchissez vos dents comme apr\u00e8s un traitement professionnel - Avec une utilisation quotidienne de 30 minutes, votre sourire sera plus blanc...\" \/>\n<meta name=\"robots\" content=\"index, follow, max-snippet:-1, max-image-preview:large, max-video-preview:-1\" \/>\n<link rel=\"canonical\" href=\"https:\/\/dyspoo.store\/?product=bandes-de-blanchiment-dentaire\" \/>\n<meta property=\"og:locale\" content=\"fr_FR\" \/>\n<meta property=\"og:type\" content=\"article\" \/>\n<meta property=\"og:title\" content=\"Bandes de blanchiment dentaire - DYSPOO\" \/>\n<meta property=\"og:description\" content=\"Blanchissez vos dents comme apr\u00e8s un traitement professionnel - Avec une utilisation quotidienne de 30 minutes, votre sourire sera plus blanc...\" \/>\n<meta property=\"og:url\" content=\"https:\/\/dyspoo.store\/?product=bandes-de-blanchiment-dentaire\" \/>\n<meta property=\"og:site_name\" content=\"DYSPOO\" \/>\n<meta property=\"article:modified_time\" content=\"2026-02-12T09:19:21+00:00\" \/>\n<meta property=\"og:image\" content=\"https:\/\/dyspoo.store\/wp-content\/uploads\/2026\/02\/papide.jpg\" \/>\n\t<meta property=\"og:image:width\" content=\"2048\" \/>\n\t<meta property=\"og:image:height\" content=\"2048\" \/>\n\t<meta property=\"og:image:type\" content=\"image\/jpeg\" \/>\n<meta name=\"twitter:card\" content=\"summary_large_image\" \/>\n<meta name=\"twitter:label1\" content=\"Dur\u00e9e de lecture estim\u00e9e\" \/>\n\t<meta name=\"twitter:data1\" content=\"3 minutes\" \/>\n<script type=\"application\/ld+json\" class=\"yoast-schema-graph\">{\"@context\":\"https:\\\/\\\/schema.org\",\"@graph\":[{\"@type\":\"WebPage\",\"@id\":\"https:\\\/\\\/dyspoo.store\\\/?product=bandes-de-blanchiment-dentaire\",\"url\":\"https:\\\/\\\/dyspoo.store\\\/?product=bandes-de-blanchiment-dentaire\",\"name\":\"Bandes de blanchiment dentaire - DYSPOO\",\"isPartOf\":{\"@id\":\"https:\\\/\\\/dyspoo.store\\\/#website\"},\"primaryImageOfPage\":{\"@id\":\"https:\\\/\\\/dyspoo.store\\\/?product=bandes-de-blanchiment-dentaire#primaryimage\"},\"image\":{\"@id\":\"https:\\\/\\\/dyspoo.store\\\/?product=bandes-de-blanchiment-dentaire#primaryimage\"},\"thumbnailUrl\":\"https:\\\/\\\/dyspoo.store\\\/wp-content\\\/uploads\\\/2026\\\/02\\\/papide.jpg\",\"datePublished\":\"2026-02-10T14:35:56+00:00\",\"dateModified\":\"2026-02-12T09:19:21+00:00\",\"description\":\"Blanchissez vos dents comme apr\u00e8s un traitement professionnel - Avec une utilisation quotidienne de 30 minutes, votre sourire sera plus blanc...\",\"breadcrumb\":{\"@id\":\"https:\\\/\\\/dyspoo.store\\\/?product=bandes-de-blanchiment-dentaire#breadcrumb\"},\"inLanguage\":\"fr-FR\",\"potentialAction\":[{\"@type\":\"ReadAction\",\"target\":[\"https:\\\/\\\/dyspoo.store\\\/?product=bandes-de-blanchiment-dentaire\"]}]},{\"@type\":\"ImageObject\",\"inLanguage\":\"fr-FR\",\"@id\":\"https:\\\/\\\/dyspoo.store\\\/?product=bandes-de-blanchiment-dentaire#primaryimage\",\"url\":\"https:\\\/\\\/dyspoo.store\\\/wp-content\\\/uploads\\\/2026\\\/02\\\/papide.jpg\",\"contentUrl\":\"https:\\\/\\\/dyspoo.store\\\/wp-content\\\/uploads\\\/2026\\\/02\\\/papide.jpg\",\"width\":2048,\"height\":2048},{\"@type\":\"BreadcrumbList\",\"@id\":\"https:\\\/\\\/dyspoo.store\\\/?product=bandes-de-blanchiment-dentaire#breadcrumb\",\"itemListElement\":[{\"@type\":\"ListItem\",\"position\":1,\"name\":\"Accueil\",\"item\":\"https:\\\/\\\/dyspoo.store\\\/\"},{\"@type\":\"ListItem\",\"position\":2,\"name\":\"Boutique\",\"item\":\"https:\\\/\\\/dyspoo.store\\\/?page_id=47\"},{\"@type\":\"ListItem\",\"position\":3,\"name\":\"Bandes de blanchiment dentaire\"}]},{\"@type\":\"WebSite\",\"@id\":\"https:\\\/\\\/dyspoo.store\\\/#website\",\"url\":\"https:\\\/\\\/dyspoo.store\\\/\",\"name\":\"DYSPOO\",\"description\":\"DYSPOO\",\"potentialAction\":[{\"@type\":\"SearchAction\",\"target\":{\"@type\":\"EntryPoint\",\"urlTemplate\":\"https:\\\/\\\/dyspoo.store\\\/?s={search_term_string}\"},\"query-input\":{\"@type\":\"PropertyValueSpecification\",\"valueRequired\":true,\"valueName\":\"search_term_string\"}}],\"inLanguage\":\"fr-FR\"}]}<\/script>\n<!-- \/ Yoast SEO plugin. -->","yoast_head_json":{"title":"Bandes de blanchiment dentaire - DYSPOO","description":"Blanchissez vos dents comme apr\u00e8s un traitement professionnel - Avec une utilisation quotidienne de 30 minutes, votre sourire sera plus blanc...","robots":{"index":"index","follow":"follow","max-snippet":"max-snippet:-1","max-image-preview":"max-image-preview:large","max-video-preview":"max-video-preview:-1"},"canonical":"https:\/\/dyspoo.store\/?product=bandes-de-blanchiment-dentaire","og_locale":"fr_FR","og_type":"article","og_title":"Bandes de blanchiment dentaire - DYSPOO","og_description":"Blanchissez vos dents comme apr\u00e8s un traitement professionnel - Avec une utilisation quotidienne de 30 minutes, votre sourire sera plus blanc...","og_url":"https:\/\/dyspoo.store\/?product=bandes-de-blanchiment-dentaire","og_site_name":"DYSPOO","article_modified_time":"2026-02-12T09:19:21+00:00","og_image":[{"width":2048,"height":2048,"url":"https:\/\/dyspoo.store\/wp-content\/uploads\/2026\/02\/papide.jpg","type":"image\/jpeg"}],"twitter_card":"summary_large_image","twitter_misc":{"Dur\u00e9e de lecture estim\u00e9e":"3 minutes"},"schema":{"@context":"https:\/\/schema.org","@graph":[{"@type":"WebPage","@id":"https:\/\/dyspoo.store\/?product=bandes-de-blanchiment-dentaire","url":"https:\/\/dyspoo.store\/?product=bandes-de-blanchiment-dentaire","name":"Bandes de blanchiment dentaire - DYSPOO","isPartOf":{"@id":"https:\/\/dyspoo.store\/#website"},"primaryImageOfPage":{"@id":"https:\/\/dyspoo.store\/?product=bandes-de-blanchiment-dentaire#primaryimage"},"image":{"@id":"https:\/\/dyspoo.store\/?product=bandes-de-blanchiment-dentaire#primaryimage"},"thumbnailUrl":"https:\/\/dyspoo.store\/wp-content\/uploads\/2026\/02\/papide.jpg","datePublished":"2026-02-10T14:35:56+00:00","dateModified":"2026-02-12T09:19:21+00:00","description":"Blanchissez vos dents comme apr\u00e8s un traitement professionnel - Avec une utilisation quotidienne de 30 minutes, votre sourire sera plus blanc...","breadcrumb":{"@id":"https:\/\/dyspoo.store\/?product=bandes-de-blanchiment-dentaire#breadcrumb"},"inLanguage":"fr-FR","potentialAction":[{"@type":"ReadAction","target":["https:\/\/dyspoo.store\/?product=bandes-de-blanchiment-dentaire"]}]},{"@type":"ImageObject","inLanguage":"fr-FR","@id":"https:\/\/dyspoo.store\/?product=bandes-de-blanchiment-dentaire#primaryimage","url":"https:\/\/dyspoo.store\/wp-content\/uploads\/2026\/02\/papide.jpg","contentUrl":"https:\/\/dyspoo.store\/wp-content\/uploads\/2026\/02\/papide.jpg","width":2048,"height":2048},{"@type":"BreadcrumbList","@id":"https:\/\/dyspoo.store\/?product=bandes-de-blanchiment-dentaire#breadcrumb","itemListElement":[{"@type":"ListItem","position":1,"name":"Accueil","item":"https:\/\/dyspoo.store\/"},{"@type":"ListItem","position":2,"name":"Boutique","item":"https:\/\/dyspoo.store\/?page_id=47"},{"@type":"ListItem","position":3,"name":"Bandes de blanchiment dentaire"}]},{"@type":"WebSite","@id":"https:\/\/dyspoo.store\/#website","url":"https:\/\/dyspoo.store\/","name":"DYSPOO","description":"DYSPOO","potentialAction":[{"@type":"SearchAction","target":{"@type":"EntryPoint","urlTemplate":"https:\/\/dyspoo.store\/?s={search_term_string}"},"query-input":{"@type":"PropertyValueSpecification","valueRequired":true,"valueName":"search_term_string"}}],"inLanguage":"fr-FR"}]}},"jetpack_sharing_enabled":true,"_links":{"self":[{"href":"https:\/\/dyspoo.store\/index.php?rest_route=\/wp\/v2\/product\/29567","targetHints":{"allow":["GET"]}}],"collection":[{"href":"https:\/\/dyspoo.store\/index.php?rest_route=\/wp\/v2\/product"}],"about":[{"href":"https:\/\/dyspoo.store\/index.php?rest_route=\/wp\/v2\/types\/product"}],"replies":[{"embeddable":true,"href":"https:\/\/dyspoo.store\/index.php?rest_route=%2Fwp%2Fv2%2Fcomments&post=29567"}],"version-history":[{"count":10,"href":"https:\/\/dyspoo.store\/index.php?rest_route=\/wp\/v2\/product\/29567\/revisions"}],"predecessor-version":[{"id":29592,"href":"https:\/\/dyspoo.store\/index.php?rest_route=\/wp\/v2\/product\/29567\/revisions\/29592"}],"wp:featuredmedia":[{"embeddable":true,"href":"https:\/\/dyspoo.store\/index.php?rest_route=\/wp\/v2\/media\/29573"}],"wp:attachment":[{"href":"https:\/\/dyspoo.store\/index.php?rest_route=%2Fwp%2Fv2%2Fmedia&parent=29567"}],"wp:term":[{"taxonomy":"product_brand","embeddable":true,"href":"https:\/\/dyspoo.store\/index.php?rest_route=%2Fwp%2Fv2%2Fproduct_brand&post=29567"},{"taxonomy":"product_cat","embeddable":true,"href":"https:\/\/dyspoo.store\/index.php?rest_route=%2Fwp%2Fv2%2Fproduct_cat&post=29567"},{"taxonomy":"product_tag","embeddable":true,"href":"https:\/\/dyspoo.store\/index.php?rest_route=%2Fwp%2Fv2%2Fproduct_tag&post=29567"}],"curies":[{"name":"wp","href":"https:\/\/api.w.org\/{rel}","templated":true}]}}