{"id":381,"date":"2021-08-27T12:02:01","date_gmt":"2021-08-27T12:02:01","guid":{"rendered":"http:\/\/dummy.xtemos.com\/woodmart2\/elementor\/?post_type=product&#038;p=381"},"modified":"2026-03-20T14:33:37","modified_gmt":"2026-03-20T14:33:37","slug":"ferme-portes-auto","status":"publish","type":"product","link":"https:\/\/dyspoo.store\/?product=ferme-portes-auto","title":{"rendered":"Ferme portes automatiques"},"content":{"rendered":"\t\t<div data-elementor-type=\"wp-post\" data-elementor-id=\"381\" class=\"elementor elementor-381\">\n\t\t\t\t<div class=\"wd-negative-gap elementor-element elementor-element-5e5e2c6 e-flex e-con-boxed e-con e-parent\" data-id=\"5e5e2c6\" data-element_type=\"container\" data-e-type=\"container\">\n\t\t\t\t\t<div class=\"e-con-inner\">\n\t\t<div class=\"elementor-element elementor-element-deee4c0 e-con-full e-flex e-con e-child\" data-id=\"deee4c0\" data-element_type=\"container\" data-e-type=\"container\">\n\t\t\t\t<div class=\"elementor-element elementor-element-fbaa851 elementor-widget__width-initial elementor-widget elementor-widget-wd_text_block\" data-id=\"fbaa851\" data-element_type=\"widget\" data-e-type=\"widget\" data-widget_type=\"wd_text_block.default\">\n\t\t\t\t<div class=\"elementor-widget-container\">\n\t\t\t\t\t\t\t<div class=\"wd-text-block reset-last-child text-left\">\n\t\t\t\n\t\t\t<h4><strong>\u00c0 propos de cet article<\/strong><\/h4><p><img loading=\"lazy\" decoding=\"async\" class=\"wp-image-29761 size-medium aligncenter\" src=\"https:\/\/dyspoo.store\/wp-content\/uploads\/2026\/03\/installe56-re-400x86.png\" alt=\"\" width=\"400\" height=\"86\" srcset=\"https:\/\/dyspoo.store\/wp-content\/uploads\/2026\/03\/installe56-re-400x86.png 400w, https:\/\/dyspoo.store\/wp-content\/uploads\/2026\/03\/installe56-re-768x166.png 768w, https:\/\/dyspoo.store\/wp-content\/uploads\/2026\/03\/installe56-re-430x93.png 430w, https:\/\/dyspoo.store\/wp-content\/uploads\/2026\/03\/installe56-re-700x151.png 700w, https:\/\/dyspoo.store\/wp-content\/uploads\/2026\/03\/installe56-re-150x32.png 150w, https:\/\/dyspoo.store\/wp-content\/uploads\/2026\/03\/installe56-re.png 1073w\" sizes=\"auto, (max-width: 400px) 100vw, 400px\" \/><\/p><p><img loading=\"lazy\" decoding=\"async\" class=\"wp-image-29345 size-large\" src=\"https:\/\/dyspoo.store\/wp-content\/uploads\/2025\/10\/Picsart_24-11-03_15-14-32-100-800x800.jpg\" alt=\"\" width=\"800\" height=\"800\" srcset=\"https:\/\/dyspoo.store\/wp-content\/uploads\/2025\/10\/Picsart_24-11-03_15-14-32-100-800x800.jpg 800w, https:\/\/dyspoo.store\/wp-content\/uploads\/2025\/10\/Picsart_24-11-03_15-14-32-100-300x300.jpg 300w, https:\/\/dyspoo.store\/wp-content\/uploads\/2025\/10\/Picsart_24-11-03_15-14-32-100-150x150.jpg 150w, https:\/\/dyspoo.store\/wp-content\/uploads\/2025\/10\/Picsart_24-11-03_15-14-32-100-768x768.jpg 768w, https:\/\/dyspoo.store\/wp-content\/uploads\/2025\/10\/Picsart_24-11-03_15-14-32-100-430x430.jpg 430w, https:\/\/dyspoo.store\/wp-content\/uploads\/2025\/10\/Picsart_24-11-03_15-14-32-100-700x700.jpg 700w, https:\/\/dyspoo.store\/wp-content\/uploads\/2025\/10\/Picsart_24-11-03_15-14-32-100.jpg 1440w\" sizes=\"auto, (max-width: 800px) 100vw, 800px\" \/><\/p><p><img loading=\"lazy\" decoding=\"async\" class=\"aligncenter wp-image-29342 size-large\" src=\"https:\/\/dyspoo.store\/wp-content\/uploads\/2025\/10\/Picsart_24-11-03_16-08-45-469-802x800.jpg\" alt=\"\" width=\"802\" height=\"800\" srcset=\"https:\/\/dyspoo.store\/wp-content\/uploads\/2025\/10\/Picsart_24-11-03_16-08-45-469-802x800.jpg 802w, https:\/\/dyspoo.store\/wp-content\/uploads\/2025\/10\/Picsart_24-11-03_16-08-45-469-301x300.jpg 301w, https:\/\/dyspoo.store\/wp-content\/uploads\/2025\/10\/Picsart_24-11-03_16-08-45-469-150x150.jpg 150w, https:\/\/dyspoo.store\/wp-content\/uploads\/2025\/10\/Picsart_24-11-03_16-08-45-469-768x766.jpg 768w, https:\/\/dyspoo.store\/wp-content\/uploads\/2025\/10\/Picsart_24-11-03_16-08-45-469-430x429.jpg 430w, https:\/\/dyspoo.store\/wp-content\/uploads\/2025\/10\/Picsart_24-11-03_16-08-45-469-700x698.jpg 700w, https:\/\/dyspoo.store\/wp-content\/uploads\/2025\/10\/Picsart_24-11-03_16-08-45-469.jpg 1444w\" sizes=\"auto, (max-width: 802px) 100vw, 802px\" \/><\/p><p>Convient pour un usage domestique, un bureau, un abri de jardin, un ranch et un bureau \u00e0 domicile.<\/p>\n\t\t\t\t\t<\/div>\n\t\t\t\t\t\t<\/div>\n\t\t\t\t<\/div>\n\t\t\t\t<div class=\"elementor-element elementor-element-4b80ddf elementor-widget__width-initial elementor-widget elementor-widget-wd_text_block\" data-id=\"4b80ddf\" data-element_type=\"widget\" data-e-type=\"widget\" data-widget_type=\"wd_text_block.default\">\n\t\t\t\t<div class=\"elementor-widget-container\">\n\t\t\t\t\t\t\t<div class=\"wd-text-block reset-last-child text-left\">\n\t\t\t\n\t\t\t<h4>\u00a0<\/h4><h4>\u00a0<\/h4><p><img loading=\"lazy\" decoding=\"async\" class=\"wp-image-29344 size-large\" src=\"https:\/\/dyspoo.store\/wp-content\/uploads\/2025\/10\/Picsart_24-11-03_15-31-10-610-800x800.jpg\" alt=\"\" width=\"800\" height=\"800\" srcset=\"https:\/\/dyspoo.store\/wp-content\/uploads\/2025\/10\/Picsart_24-11-03_15-31-10-610-800x800.jpg 800w, https:\/\/dyspoo.store\/wp-content\/uploads\/2025\/10\/Picsart_24-11-03_15-31-10-610-300x300.jpg 300w, https:\/\/dyspoo.store\/wp-content\/uploads\/2025\/10\/Picsart_24-11-03_15-31-10-610-150x150.jpg 150w, https:\/\/dyspoo.store\/wp-content\/uploads\/2025\/10\/Picsart_24-11-03_15-31-10-610-768x768.jpg 768w, https:\/\/dyspoo.store\/wp-content\/uploads\/2025\/10\/Picsart_24-11-03_15-31-10-610-430x430.jpg 430w, https:\/\/dyspoo.store\/wp-content\/uploads\/2025\/10\/Picsart_24-11-03_15-31-10-610-700x700.jpg 700w, https:\/\/dyspoo.store\/wp-content\/uploads\/2025\/10\/Picsart_24-11-03_15-31-10-610.jpg 1440w\" sizes=\"auto, (max-width: 800px) 100vw, 800px\" \/><\/p><p>Convient pour les portes ou les portes avec une force de fermeture l\u00e9g\u00e8rement plus forte. Portes qui s'ouvrent \u00e0 gauche et \u00e0 droite, portes en bois et en m\u00e9tal, portes r\u00e9sidentielles et commerciales, ferme-portes ext\u00e9rieures\/int\u00e9rieures, portes coupe-feu.<\/p>\n\t\t\t\t\t<\/div>\n\t\t\t\t\t\t<\/div>\n\t\t\t\t<\/div>\n\t\t\t\t<\/div>\n\t\t<div class=\"elementor-element elementor-element-5d7489b e-con-full e-flex e-con e-child\" data-id=\"5d7489b\" data-element_type=\"container\" data-e-type=\"container\">\n\t\t\t\t<div class=\"elementor-element elementor-element-6e844d4 elementor-widget__width-initial elementor-widget elementor-widget-wd_text_block\" data-id=\"6e844d4\" data-element_type=\"widget\" data-e-type=\"widget\" data-widget_type=\"wd_text_block.default\">\n\t\t\t\t<div class=\"elementor-widget-container\">\n\t\t\t\t\t\t\t<div class=\"wd-text-block reset-last-child text-left\">\n\t\t\t\n\t\t\t<h4>D\u00e9tails<\/h4><h4>\u00a0<\/h4><p><img loading=\"lazy\" decoding=\"async\" class=\"wp-image-29341 size-large\" src=\"https:\/\/dyspoo.store\/wp-content\/uploads\/2025\/10\/Picsart_24-11-03_15-43-50-187-799x800.jpg\" alt=\"\" width=\"799\" height=\"800\" srcset=\"https:\/\/dyspoo.store\/wp-content\/uploads\/2025\/10\/Picsart_24-11-03_15-43-50-187-799x800.jpg 799w, https:\/\/dyspoo.store\/wp-content\/uploads\/2025\/10\/Picsart_24-11-03_15-43-50-187-300x300.jpg 300w, https:\/\/dyspoo.store\/wp-content\/uploads\/2025\/10\/Picsart_24-11-03_15-43-50-187-150x150.jpg 150w, https:\/\/dyspoo.store\/wp-content\/uploads\/2025\/10\/Picsart_24-11-03_15-43-50-187-768x769.jpg 768w, https:\/\/dyspoo.store\/wp-content\/uploads\/2025\/10\/Picsart_24-11-03_15-43-50-187-430x430.jpg 430w, https:\/\/dyspoo.store\/wp-content\/uploads\/2025\/10\/Picsart_24-11-03_15-43-50-187-700x700.jpg 700w, https:\/\/dyspoo.store\/wp-content\/uploads\/2025\/10\/Picsart_24-11-03_15-43-50-187.jpg 1440w\" sizes=\"auto, (max-width: 799px) 100vw, 799px\" \/><\/p><p>Lorsque vous \u00e9tudiez ou travaillez, \u00e9vitez de vous lever et d'ouvrir la porte \u00e0 plusieurs reprises pour am\u00e9liorer votre efficacit\u00e9. Ce ferme-porte emp\u00eache les vapeurs de cuisine de p\u00e9n\u00e9trer dans le salon, isolant efficacement l'humidit\u00e9 et l'air vici\u00e9 de la salle de bain.<\/p><p>Lorsque vous allumez la climatisation, l'air chaud et froid ne fuit pas trop, r\u00e9duisant ainsi votre facture d'\u00e9lectricit\u00e9 et vous \u00e9pargnant soucis et soucis.<\/p>\n\t\t\t\t\t<\/div>\n\t\t\t\t\t\t<\/div>\n\t\t\t\t<\/div>\n\t\t\t\t<div class=\"elementor-element elementor-element-3067122 elementor-widget__width-initial elementor-widget elementor-widget-wd_text_block\" data-id=\"3067122\" data-element_type=\"widget\" data-e-type=\"widget\" data-widget_type=\"wd_text_block.default\">\n\t\t\t\t<div class=\"elementor-widget-container\">\n\t\t\t\t\t\t\t<div class=\"wd-text-block reset-last-child text-left\">\n\t\t\t\n\t\t\t<p>\u00a0<\/p><p>\u00a0<\/p><p><img loading=\"lazy\" decoding=\"async\" class=\"aligncenter wp-image-29343 size-large\" src=\"https:\/\/dyspoo.store\/wp-content\/uploads\/2025\/10\/Picsart_24-11-03_15-53-13-405-818x800.jpg\" alt=\"\" width=\"818\" height=\"800\" srcset=\"https:\/\/dyspoo.store\/wp-content\/uploads\/2025\/10\/Picsart_24-11-03_15-53-13-405-818x800.jpg 818w, https:\/\/dyspoo.store\/wp-content\/uploads\/2025\/10\/Picsart_24-11-03_15-53-13-405-307x300.jpg 307w, https:\/\/dyspoo.store\/wp-content\/uploads\/2025\/10\/Picsart_24-11-03_15-53-13-405-768x751.jpg 768w, https:\/\/dyspoo.store\/wp-content\/uploads\/2025\/10\/Picsart_24-11-03_15-53-13-405-430x421.jpg 430w, https:\/\/dyspoo.store\/wp-content\/uploads\/2025\/10\/Picsart_24-11-03_15-53-13-405-700x685.jpg 700w, https:\/\/dyspoo.store\/wp-content\/uploads\/2025\/10\/Picsart_24-11-03_15-53-13-405-150x147.jpg 150w, https:\/\/dyspoo.store\/wp-content\/uploads\/2025\/10\/Picsart_24-11-03_15-53-13-405.jpg 1472w\" sizes=\"auto, (max-width: 818px) 100vw, 818px\" \/><\/p><p>Le c\u00e2ble en acier de haute qualit\u00e9 a pass\u00e9 50 000 tests de traction et de rebond, avec une forte force de traction. R\u00e9sistance aux hautes temp\u00e9ratures et longue dur\u00e9e de vie.<\/p>\n\t\t\t\t\t<\/div>\n\t\t\t\t\t\t<\/div>\n\t\t\t\t<\/div>\n\t\t\t\t<\/div>\n\t\t\t\t\t<\/div>\n\t\t\t\t<\/div>\n\t\t\t\t<\/div>\n\t\t","protected":false},"excerpt":{"rendered":"<p>Le ferme-porte automatique dispose d&rsquo;une traction sup\u00e9rieure de 1 000 g, ce qui le rend particuli\u00e8rement adapt\u00e9 \u00e0 la fermeture de portes n\u00e9cessitant une force de fermeture plus importante, telles que les portes r\u00e9sidentielles et commerciales, ainsi que les portes int\u00e9rieures\/ext\u00e9rieures.<\/p>\n","protected":false},"featured_media":29256,"comment_status":"open","ping_status":"closed","template":"","meta":[],"product_brand":[126],"product_cat":[74,132],"product_tag":[],"class_list":{"0":"post-381","1":"product","2":"type-product","3":"status-publish","4":"has-post-thumbnail","6":"product_brand-dyspoo","7":"product_cat-accessoires","8":"product_cat-ferme-porte","10":"first","11":"instock","12":"sale","13":"shipping-taxable","14":"purchasable","15":"product-type-simple"},"yoast_head":"<!-- This site is optimized with the Yoast SEO plugin v27.3 - https:\/\/yoast.com\/product\/yoast-seo-wordpress\/ -->\n<title>Ferme portes automatiques - DYSPOO<\/title>\n<meta name=\"description\" content=\"Commandez maintenant - Le ferme-porte automatique dispose d&#039;une traction sup\u00e9rieure de 1 000 g - Portes int\u00e9rieures\/ext\u00e9rieures\" \/>\n<meta name=\"robots\" content=\"index, follow, max-snippet:-1, max-image-preview:large, max-video-preview:-1\" \/>\n<link rel=\"canonical\" href=\"https:\/\/dyspoo.store\/?product=ferme-portes-auto\" \/>\n<meta property=\"og:locale\" content=\"fr_FR\" \/>\n<meta property=\"og:type\" content=\"article\" \/>\n<meta property=\"og:title\" content=\"Ferme portes automatiques - DYSPOO\" \/>\n<meta property=\"og:description\" content=\"Commandez maintenant - Le ferme-porte automatique dispose d&#039;une traction sup\u00e9rieure de 1 000 g - Portes int\u00e9rieures\/ext\u00e9rieures\" \/>\n<meta property=\"og:url\" content=\"https:\/\/dyspoo.store\/?product=ferme-portes-auto\" \/>\n<meta property=\"og:site_name\" content=\"DYSPOO\" \/>\n<meta property=\"article:modified_time\" content=\"2026-03-20T14:33:37+00:00\" \/>\n<meta property=\"og:image\" content=\"https:\/\/dyspoo.store\/wp-content\/uploads\/2021\/08\/Picsart_25-10-17_20-53-49-700.jpg\" \/>\n\t<meta property=\"og:image:width\" content=\"750\" \/>\n\t<meta property=\"og:image:height\" content=\"750\" \/>\n\t<meta property=\"og:image:type\" content=\"image\/jpeg\" \/>\n<meta name=\"twitter:card\" content=\"summary_large_image\" \/>\n<meta name=\"twitter:label1\" content=\"Dur\u00e9e de lecture estim\u00e9e\" \/>\n\t<meta name=\"twitter:data1\" content=\"3 minutes\" \/>\n<script type=\"application\/ld+json\" class=\"yoast-schema-graph\">{\"@context\":\"https:\\\/\\\/schema.org\",\"@graph\":[{\"@type\":\"WebPage\",\"@id\":\"https:\\\/\\\/dyspoo.store\\\/?product=ferme-portes-auto\",\"url\":\"https:\\\/\\\/dyspoo.store\\\/?product=ferme-portes-auto\",\"name\":\"Ferme portes automatiques - DYSPOO\",\"isPartOf\":{\"@id\":\"https:\\\/\\\/dyspoo.store\\\/#website\"},\"primaryImageOfPage\":{\"@id\":\"https:\\\/\\\/dyspoo.store\\\/?product=ferme-portes-auto#primaryimage\"},\"image\":{\"@id\":\"https:\\\/\\\/dyspoo.store\\\/?product=ferme-portes-auto#primaryimage\"},\"thumbnailUrl\":\"https:\\\/\\\/dyspoo.store\\\/wp-content\\\/uploads\\\/2021\\\/08\\\/Picsart_25-10-17_20-53-49-700.jpg\",\"datePublished\":\"2021-08-27T12:02:01+00:00\",\"dateModified\":\"2026-03-20T14:33:37+00:00\",\"description\":\"Commandez maintenant - Le ferme-porte automatique dispose d'une traction sup\u00e9rieure de 1 000 g - Portes int\u00e9rieures\\\/ext\u00e9rieures\",\"breadcrumb\":{\"@id\":\"https:\\\/\\\/dyspoo.store\\\/?product=ferme-portes-auto#breadcrumb\"},\"inLanguage\":\"fr-FR\",\"potentialAction\":[{\"@type\":\"ReadAction\",\"target\":[\"https:\\\/\\\/dyspoo.store\\\/?product=ferme-portes-auto\"]}]},{\"@type\":\"ImageObject\",\"inLanguage\":\"fr-FR\",\"@id\":\"https:\\\/\\\/dyspoo.store\\\/?product=ferme-portes-auto#primaryimage\",\"url\":\"https:\\\/\\\/dyspoo.store\\\/wp-content\\\/uploads\\\/2021\\\/08\\\/Picsart_25-10-17_20-53-49-700.jpg\",\"contentUrl\":\"https:\\\/\\\/dyspoo.store\\\/wp-content\\\/uploads\\\/2021\\\/08\\\/Picsart_25-10-17_20-53-49-700.jpg\",\"width\":750,\"height\":750,\"caption\":\"{\\\"remix_data\\\":[],\\\"remix_entry_point\\\":\\\"challenges\\\",\\\"source_tags\\\":[],\\\"origin\\\":\\\"unknown\\\",\\\"total_draw_time\\\":0,\\\"total_draw_actions\\\":0,\\\"layers_used\\\":0,\\\"brushes_used\\\":0,\\\"photos_added\\\":0,\\\"total_editor_actions\\\":{},\\\"tools_used\\\":{\\\"remove\\\":1},\\\"is_sticker\\\":false,\\\"edited_since_last_sticker_save\\\":true,\\\"containsFTESticker\\\":false}\"},{\"@type\":\"BreadcrumbList\",\"@id\":\"https:\\\/\\\/dyspoo.store\\\/?product=ferme-portes-auto#breadcrumb\",\"itemListElement\":[{\"@type\":\"ListItem\",\"position\":1,\"name\":\"Accueil\",\"item\":\"https:\\\/\\\/dyspoo.store\\\/\"},{\"@type\":\"ListItem\",\"position\":2,\"name\":\"Boutique\",\"item\":\"https:\\\/\\\/dyspoo.store\\\/?page_id=47\"},{\"@type\":\"ListItem\",\"position\":3,\"name\":\"Ferme portes automatiques\"}]},{\"@type\":\"WebSite\",\"@id\":\"https:\\\/\\\/dyspoo.store\\\/#website\",\"url\":\"https:\\\/\\\/dyspoo.store\\\/\",\"name\":\"DYSPOO\",\"description\":\"DYSPOO\",\"potentialAction\":[{\"@type\":\"SearchAction\",\"target\":{\"@type\":\"EntryPoint\",\"urlTemplate\":\"https:\\\/\\\/dyspoo.store\\\/?s={search_term_string}\"},\"query-input\":{\"@type\":\"PropertyValueSpecification\",\"valueRequired\":true,\"valueName\":\"search_term_string\"}}],\"inLanguage\":\"fr-FR\"}]}<\/script>\n<!-- \/ Yoast SEO plugin. -->","yoast_head_json":{"title":"Ferme portes automatiques - DYSPOO","description":"Commandez maintenant - Le ferme-porte automatique dispose d'une traction sup\u00e9rieure de 1 000 g - Portes int\u00e9rieures\/ext\u00e9rieures","robots":{"index":"index","follow":"follow","max-snippet":"max-snippet:-1","max-image-preview":"max-image-preview:large","max-video-preview":"max-video-preview:-1"},"canonical":"https:\/\/dyspoo.store\/?product=ferme-portes-auto","og_locale":"fr_FR","og_type":"article","og_title":"Ferme portes automatiques - DYSPOO","og_description":"Commandez maintenant - Le ferme-porte automatique dispose d'une traction sup\u00e9rieure de 1 000 g - Portes int\u00e9rieures\/ext\u00e9rieures","og_url":"https:\/\/dyspoo.store\/?product=ferme-portes-auto","og_site_name":"DYSPOO","article_modified_time":"2026-03-20T14:33:37+00:00","og_image":[{"width":750,"height":750,"url":"https:\/\/dyspoo.store\/wp-content\/uploads\/2021\/08\/Picsart_25-10-17_20-53-49-700.jpg","type":"image\/jpeg"}],"twitter_card":"summary_large_image","twitter_misc":{"Dur\u00e9e de lecture estim\u00e9e":"3 minutes"},"schema":{"@context":"https:\/\/schema.org","@graph":[{"@type":"WebPage","@id":"https:\/\/dyspoo.store\/?product=ferme-portes-auto","url":"https:\/\/dyspoo.store\/?product=ferme-portes-auto","name":"Ferme portes automatiques - DYSPOO","isPartOf":{"@id":"https:\/\/dyspoo.store\/#website"},"primaryImageOfPage":{"@id":"https:\/\/dyspoo.store\/?product=ferme-portes-auto#primaryimage"},"image":{"@id":"https:\/\/dyspoo.store\/?product=ferme-portes-auto#primaryimage"},"thumbnailUrl":"https:\/\/dyspoo.store\/wp-content\/uploads\/2021\/08\/Picsart_25-10-17_20-53-49-700.jpg","datePublished":"2021-08-27T12:02:01+00:00","dateModified":"2026-03-20T14:33:37+00:00","description":"Commandez maintenant - Le ferme-porte automatique dispose d'une traction sup\u00e9rieure de 1 000 g - Portes int\u00e9rieures\/ext\u00e9rieures","breadcrumb":{"@id":"https:\/\/dyspoo.store\/?product=ferme-portes-auto#breadcrumb"},"inLanguage":"fr-FR","potentialAction":[{"@type":"ReadAction","target":["https:\/\/dyspoo.store\/?product=ferme-portes-auto"]}]},{"@type":"ImageObject","inLanguage":"fr-FR","@id":"https:\/\/dyspoo.store\/?product=ferme-portes-auto#primaryimage","url":"https:\/\/dyspoo.store\/wp-content\/uploads\/2021\/08\/Picsart_25-10-17_20-53-49-700.jpg","contentUrl":"https:\/\/dyspoo.store\/wp-content\/uploads\/2021\/08\/Picsart_25-10-17_20-53-49-700.jpg","width":750,"height":750,"caption":"{\"remix_data\":[],\"remix_entry_point\":\"challenges\",\"source_tags\":[],\"origin\":\"unknown\",\"total_draw_time\":0,\"total_draw_actions\":0,\"layers_used\":0,\"brushes_used\":0,\"photos_added\":0,\"total_editor_actions\":{},\"tools_used\":{\"remove\":1},\"is_sticker\":false,\"edited_since_last_sticker_save\":true,\"containsFTESticker\":false}"},{"@type":"BreadcrumbList","@id":"https:\/\/dyspoo.store\/?product=ferme-portes-auto#breadcrumb","itemListElement":[{"@type":"ListItem","position":1,"name":"Accueil","item":"https:\/\/dyspoo.store\/"},{"@type":"ListItem","position":2,"name":"Boutique","item":"https:\/\/dyspoo.store\/?page_id=47"},{"@type":"ListItem","position":3,"name":"Ferme portes automatiques"}]},{"@type":"WebSite","@id":"https:\/\/dyspoo.store\/#website","url":"https:\/\/dyspoo.store\/","name":"DYSPOO","description":"DYSPOO","potentialAction":[{"@type":"SearchAction","target":{"@type":"EntryPoint","urlTemplate":"https:\/\/dyspoo.store\/?s={search_term_string}"},"query-input":{"@type":"PropertyValueSpecification","valueRequired":true,"valueName":"search_term_string"}}],"inLanguage":"fr-FR"}]}},"jetpack_sharing_enabled":true,"_links":{"self":[{"href":"https:\/\/dyspoo.store\/index.php?rest_route=\/wp\/v2\/product\/381","targetHints":{"allow":["GET"]}}],"collection":[{"href":"https:\/\/dyspoo.store\/index.php?rest_route=\/wp\/v2\/product"}],"about":[{"href":"https:\/\/dyspoo.store\/index.php?rest_route=\/wp\/v2\/types\/product"}],"replies":[{"embeddable":true,"href":"https:\/\/dyspoo.store\/index.php?rest_route=%2Fwp%2Fv2%2Fcomments&post=381"}],"version-history":[{"count":10,"href":"https:\/\/dyspoo.store\/index.php?rest_route=\/wp\/v2\/product\/381\/revisions"}],"predecessor-version":[{"id":29779,"href":"https:\/\/dyspoo.store\/index.php?rest_route=\/wp\/v2\/product\/381\/revisions\/29779"}],"wp:featuredmedia":[{"embeddable":true,"href":"https:\/\/dyspoo.store\/index.php?rest_route=\/wp\/v2\/media\/29256"}],"wp:attachment":[{"href":"https:\/\/dyspoo.store\/index.php?rest_route=%2Fwp%2Fv2%2Fmedia&parent=381"}],"wp:term":[{"taxonomy":"product_brand","embeddable":true,"href":"https:\/\/dyspoo.store\/index.php?rest_route=%2Fwp%2Fv2%2Fproduct_brand&post=381"},{"taxonomy":"product_cat","embeddable":true,"href":"https:\/\/dyspoo.store\/index.php?rest_route=%2Fwp%2Fv2%2Fproduct_cat&post=381"},{"taxonomy":"product_tag","embeddable":true,"href":"https:\/\/dyspoo.store\/index.php?rest_route=%2Fwp%2Fv2%2Fproduct_tag&post=381"}],"curies":[{"name":"wp","href":"https:\/\/api.w.org\/{rel}","templated":true}]}}